 - -9) - 21
1
10 + (6 - 24) + (1 - 15)
-22
What is the value of -624 + 635 - (-4 + 3 - -14)?
-2
Calculate -24 + -1 - ((45 - (48 - 17)) + -21).
-18
What is -1 + -20 + 14 + 23?
16
What is the value of (-5 - (116 + -112 - (16 - 0))) + -25?
-18
Evaluate -3 + 2 + (5 - (2 - (2 - 1))).
3
What is (2 - -6) + 2 - 1?
9
What is 16 - (1 - -10) - 8?
-3
What is -2 + 3 + -6 - (580 + -593)?
8
(-7 - -8) + (6 - (-8 - -6))
9
Evaluate -12 - (28 + -18 - 2 - -3).
-23
4 + -12 - (3 + 7 + -3 + -17)
2
What is the value of 6 - (4 - (10 - 8))?
4
What is -19 - (-51 - -32) - (-4 + 1)?
3
Calculate -3 - ((-6 - (-15 + -5)) + -49).
32
What is -18 + 8 + (6 - -6)?
2
Calculate 6 - (-1 + 3 - (-24 - -18) - -11).
-13
Evaluate -10 - -9 - (31 - (-8 + 15)).
-25
Evaluate 4 - (7 + (2 + -5 - 1)).
1
Calculate -15 + 3 + 8 + (6 - 0).
2
Calculate 11 + -8 + (3 - 20) - (-12 - -15).
-17
What is the value of (-3 - (-28 + 20)) + -2 + 9 + 1?
13
Calculate -8 + (-165 - -158) + 15 + -1 + 2.
1
What is the value of 0 - (-5 - -6) - (54 - 70)?
15
What is the value of -10 + -18 + 15 - 9?
-22
Calculate -1 + 5 + 0 + -2 + 56 + -56.
2
What is -37 + 7 + (31 - 17)?
-16
What is the value of -6 + -13 + 3 + 0 + -1 + 5?
-12
What is 7 + (10 - (-7 + 12 - -21))?
-9
Calculate 29 + (26 - 26 - 15).
14
What is -4 - -13 - (2 + 7 + -8)?
8
What is (-1 - (3 + 3)) + 3 + 17?
13
What is the value of (-11 + 26 - 10) + (-7 - 4) + -1?
-7
Calculate -16 + 16 - (4 - 1) - (-2 - -7).
-8
What is the value of (0 - -22) + -27 - ((-16 - -2) + 2)?
7
Evaluate -74 - -70 - (-1 + -12).
9
Evaluate (-2 - 36) + (456 - 435).
-17
Evaluate (-2 - -18) + -7 + 8 + -3.
14
What is -3 + 9 - 2 - (12 + -10)?
2
Evaluate -17 + -1 + -7 + 344 + -319.
0
What is -1 - -14 - (59 - 49)?
3
What is the value of (-1 - -6) + -17 + -4 + 7 + -20?
-29
What is the value of -13 + 1 + 46 + -6?
28
What is (5 - ((10 - 2) + (-21 - -14))) + 13?
17
Calculate 6 + -1 - (-18 - (49 - 72)).
0
Calculate -11 + 7 + (-11 - -13).
-2
Calculate 5 - 3 - (12 + -12 + 5 - 0).
-3
(-13 - -1) + 4 + -1 - (269 - 258)
-20
Evaluate -6 - (17 - 14 - 26 - (-7 + 1)).
11
Calculate 0 + 15 + -112 + 98.
1
Calculate (-96 + 84 - (-16 - -2)) + -7.
-5
Evaluate (4 - (-2 + 4)) + (-6 - -2 - -9).
7
Calculate 10 + -5 + (-1 - 11) + 2 + 0.
-5
What is the value of (-19 - -11 - 6) + 32?
18
Calculate 14 + -10 + (-3 - -1).
2
10 + -8 + 15 + (-13 + 4 - -4)
12
-14 + -5 + 8 - (1 - 0)
-12
Evaluate 2 + 11 + (0 - 8) - -6.
11
(-16 + 21 - (4 + 2)) + -8
-9
-70 + 55 + (6 - 2)
-11
Evaluate 4 - (-6 - 3) - (-11 + 6 + 9).
9
What is -60 + -37 + 55 - -39?
-3
3 + (-3 - (-10 + 4) - (1 + 5))
0
What is the value of 247 + -233 - (1 + -3 - 4)?
20
-2 + -3 + 0 + (2 - 6 - -7)
-2
Evaluate 1 - (6 - 10) - 5.
0
Evaluate -23 - (19 + -20 - ((-3 - -6) + -2)).
-21
Evaluate -1 + 6 + (-12 - (-19 - -8 - 4)).
8
Evaluate -10 + -4 + (6 + -7 - -1).
-14
Calculate (10 - 1) + 2 + -2 - 2.
7
Calculate 18 + (-54 - -16) + 4 + 4 + 1.
-11
1 - (-3 + (-6 - 7 - 0))
17
Calculate 11 + (4 - -3) - ((6 - 12) + 8).
16
Evaluate -22 + 12 + (-2 - 1).
-13
What is the value of (3 - 9) + -1 + (-12 - -10)?
-9
-9 + -15 + (0 - 4 - 9) + 9
-28
Evaluate 1 - ((11 - 13) + 8).
-5
Calculate 36 - (-60 - -113) - (2 - 0 - 0).
-19
What is the value of 10 + (-8 + 15 - 12)?
5
Evaluate (7 - ((10 - 3) + -4)) + 3 - -10.
17
(-14 - -23) + (-9 - 7 - -5) - 21
-23
What is the value of (1 - -7) + -485 + 474?
-3
What is the value of -1 - (0 + 2 + -10) - (65 - 63)?
5
Calculate (1 - -4) + -22 + -5 + (7 - 9).
-24
What is the value of 2 + 11 + (-41 - -30) - (22 - 1)?
-19
What is the value of (-20 - -4) + (-27 - -39)?
-4
Calculate 2 + 30 + 494 + -558.
-32
Calculate -13 - (4 + (12 - 2)) - -3.
-24
Calculate (5 - (-2 + 2 + (-25 - -23))) + 1.
8
What is the value of 20 - (24 + 5 - 3)?
-6
-10 + -2 + -19 + 21
-10
14 + -1 + (-18 - -12)
7
Calculate -3 - -20 - ((0 - (-7 + 5)) + 0).
15
What is the value of -1 + 1 - (-7 + -10 + -7 + 8)?
16
Calculate -22 + (54 - 4) + -18.
10
-1 - 2 - (-1328 + 1319)
6
Evaluate 3 + 1 - (1 + (2 - -6) + -7).
2
Evaluate 12 - (-21 + 17) - -13.
29
1 + 8 - (389 - 397)
17
Evaluate 1 - 22 - ((15 - 3) + -14 - 3).
-16
What is -15 + 19 + 5 - 22?
-13
What is the value of 62 - (-24 - -59) - -6?
33
-10 + 8 + 8 + 4
10
What is the value of -33 + (-14 - (-39 + (11 - 1)))?
-18
Calculate -1 + 13 + -10 + 18.
20
Evaluate (-3 - -1) + -3 + 6 + -18.
-17
Evaluate -64 - -22 - (-78 - -49).
-13
(-87 - -94) + -21 + 6
-8
What is the value of -7 + 3 + (1 - -10)?
7
Evaluate (-23 + -5 - -28) + 1 + -9 - -6.
-2
(-4 - -1) + (-2 + -5 + 17 - 2)
5
Evaluate -14 + (8 - (13 + 0)) + 29.
10
What is -3 - (-13 + (5 + -11 - -5))?
11
Evaluate 1410 - 1440 - (-1 + -13 + -2).
-14
Evaluate -5 + -1 - 0 - ((-18 - -42) + -21).
-9
What is the value of -385 + 405 + -23 + 0?
-3
Evaluate -23 + 0 - (-103 - -90).
-10
What is (-82 - -113 - 40) + 35 + -1?
25
What is the value of 3 + -27 + 42 - -9?
27
What is (0 - (14 - 5)) + (5 - (-3 - -5))?
-6
What is 2 + 1 - (5 + 1 + (0 - 9))?
6
3 + 12 - (-2 + 7) - -3
13
Calculate (15 - 10) + 30 + -43.
-8
What is -9 + 0 + -1 - (-1003 + 1004)?
-11
What is the value of (-10 + (7 - 5) - -13) + -3?
2
What is the value of (12 + -36 + 3 + 1 - -5) + 4?
-11
What is the value of 101 + -107 + (13 - (5 - (-1 + 2)))?
3
Evaluate (-2 - -9) + -7 + 8.
8
What is the value of 3 - ((8 - (-10 - -6)) + 6 + 1)?
-16
Calculate (21 + -37 - -23) + -14 + (-1 - -32).
24
What is the value of 15 + (26 + -23 - 29)?
-11
Evaluate -103 + 94 - (9 + -29).
11
Calculate 3 - 2 - 14 - (-35 - -45 - 12).
-11
-37 - (15 - 49) - (-3 + -31)
31
What is the value of 9 - -8 - (-17 - -43)?
-9
What is the value of -3 - (12 + 0) - -32?
17
What is 11 - (-16 + 18) - (0 + -3)?
12
What is the value of -3 + -5 - (-20 - -14)?
-2
What is -3 - (-18 + 1 + 4)?
10
What is the value of 13 + (-26 - (2 + 0)) - -21?
6
What is 8 + 0 + (0 - (-9 - -12))?
5
Calculate -11 + (2 - (-2 - -6)) + 22.
9
What is (6 - -2) + -52 + 64 - 12?
8
Evaluate 177 - 170 - (15 - 1) - 2.
-9
What is 156 + -164 + (-3 - 4)?
-15
Calculate (-1 - -4) + -14 + 18 + -8 + 11.
10
What is 14 - (12 + -20 + 13)?
9
What is the value of -10 + (30 - (22 + -7)) + (-3 - 3)?
-1
Calculate 20 + -15 + -21 + 18.
2
What is the value of -3 - -3 - (24 + -21 + -23)?
20
-20 - (2 - (-20 - -41))
-1
What is 3 + (-14 - 2) + 3 + 3 + 0?
-7
Calculate 4 + -5 + (-7 + 15 - 25).
-18
Evaluate (-46 - -46) + (2 - -6) + -4.
4
What is -4 + (29 + -29 - (-11 - (3 + -3)))?
7
What is 6 + -3 + (-11 - (-9 + -7) - 8)?
0
0 - -5 - (53 - 63) - 1
14
What is the value of -19 + 37 - (-1 - -5)?
14
(-3 - -1 - -4) + 48 + -33
17
What is the value of (25 - (9 - -12)) + (2 - -1) - -8?
15
Calculate -7 + 1 - (-16 - 12).
22
What is the value of -4 + (46 - 17 - 24)?
1
What is 0 - (10 - 4 - -6)?
-12
What is (-3 + -5 - -3 - -25) + 8?
28
Evaluate (-1 - 0) + -9 + 146 + -106.
30
What is (40 - 45) + (2 - -6 - 0)?
3
What is 3 + 34 + (-3 - (0 + 12))?
22
What is -6 + -3 + 3 + 9?
3
What is (-13 - -4) + -4 + 1?
-12
Calculate 4 - -3 - (4 + -10) - -3.
16
What is the value of (-9 - 1) + (-269 - -276)?
-3
What is 0 + -16 - (-14 - -23 - 15)?
-10
Evaluate -12 + 6 - (6 + (-21 - 3 - -4)).
8
Evaluate -5 + (10 - (16 - 12)).
1
(3 - 2 - -3) + -13 + 13 + -12
-8
What is the value of 3 + 4 + 16 + (8 - 7) + -4?
20
Calculate 2 - 5 - (15 - (2 + 3)).
-13
2 + -3 + -2 - (15 - 12 - 5)
-1
Calculate -4 + 7 + -8 + 10 + 0.
5
4 + -11 + -5 + 13 + 4
5
9 - 15 - ((1 - (6 - 4)) + 1)
-6
What is the value of -3 - (-9 + (2 - -8 - 2))?
-2
Evaluate -16 + -22 - -14 - -21.
-3
What is the value of 2 + (-4 - -11) + (-7 - -13) + -4?
11
Calculate 44 + (-98 - -14) - -22.
-18
Calculate 6 + (5 - (5 - 2)) - (137 - 131).
2
(6 - -4 - 1) + 1 + 0
10
(-7 - -11) + -24 - -17
-3
What is 3 + 4 - (-2 + (-5 - (22 + -5)))?
31
What is the value of 3 + 34 - (80 - 73)?
30
Calculate -3 - (-18 + 5 - -4 - 6).
12
What is the value of -16 - (0 + 4) - (11 - (-16 + 31))?
-16
7 + 0 + -1 + -890 + 894
10
What is the value of 3 - ((4 - 6) + -8 - 11)?
24
Evaluate -9 - (0 - -4 - 2 - (-15 + 13)).
-13
-17 + 23 + -20 - (0 + (-3 - 1))
-10
2 + 7 - (-36 + 52)
-7
11 + -24 + 7 - 10
-16
(1 - (-6 + 3)) + -14
-10
What is -13 + (-14 + (72 - 11) - 17)?
17
What is (232 - 239) + -1 + 3 + (-1 - 1)?
-7
Evaluate -2 + -18 + 27 - (2 - 0).
5
What is the value of -1041 - -1086 - (0 - -29)?
16
What is the value of -1 - (-6 - 1 - (-134 + 141))?
13
What is the value of 1 + -11 + 52 + -36?
6
Ev